t of r?
4
Suppose -3*z - 2*z = 4*q - 1710, -1706 = -4*q - 3*z. What is the hundreds digit of q?
4
Let p be (-2)/(-5) - (-84)/(-10). Let i(z) = -z**3 - 7*z**2 - 3*z + 2. What is the tens digit of i(p)?
9
Let n be (25/30)/(-5) + (-31)/(-6). Suppose 0 = 5*c + h - 785, 0 = 8*c - n*c + 4*h - 454. What is the tens digit of c?
5
Suppose 2*v - 6314 = -3*r - 2*r, -1252 = -r + 5*v. What is the tens digit of r?
6
Let x = 17 - -15. Let p be x/6*(8 + -5). Suppose -p = -0*g - 4*g. What is the units digit of g?
4
Suppose 3902 = 13*x - 1766. What is the units digit of x?
6
Let o = -25 - -14. Let x(m) = m**2 + 8*m - 32. What is the units digit of x(o)?
1
Let q be ((-2)/3)/((-4)/(-24)). Let x = 23 + q. What is the units digit of x/((-1)/4*-2)?
8
Suppose 33*z - 12 = 37*z. What is the hundreds digit of 23/(z/(-15)*1)?
1
Suppose 5*i + m = -m + 45, 4*m + 45 = 5*i. Suppose -i*s + 512 = -s. What is the units digit of s?
4
Suppose 7*r - 1716 = 4*r. What is the units digit of r?
2
Let r(v) = v**3 - 8*v**2 + 6*v - 10. Let d be r(5). Let p = 105 + d. What is the tens digit of p?
5
Let z = -611 - -661. Suppose -2*f + 3*p = 3*f - 39, -p = 4*f - 21. Let w = f + z. What is the tens digit of w?
5
Let m be 2/((5/10)/1). Suppose 180 = m*y + 2*y. Let t = -25 + y. What is the units digit of t?
5
Let q be (-1)/5 - 644/(-70). Suppose q = 5*p - 31. What is the units digit of p?
8
Suppose 0 = 76*g - 90*g + 34048. What is the units digit of g?
2
Let d(c) be the second derivative of -11*c**4/24 + c**3/2 - 3*c**2 - 7*c. Let s(f) be the first derivative of d(f). What is the tens digit of s(-2)?
2
Let x(a) = 15*a - 9. Let i(v) = v**2 - 2*v - 4. Let t be i(-2). What is the units digit of x(t)?
1
Suppose 46 = 3*q - 149. What is the tens digit of ((-12)/(-10))/(2/q)?
3
Let s(q) = 2*q + 4. Suppose -2*w = -3*w + 7. What is the tens digit of s(w)?
1
Let g(c) = c**3 + 36*c**2 + 13*c - 9. What is the tens digit of g(7)?
8
Let q be (21/2)/((-3)/(-12)*2). Let j be 0 - (1 + (-20 - 1)). Suppose 0 = -q*c + j*c + 44. What is the tens digit of c?
4
Suppose -3*d = -4*d - 4*d. Suppose 5*n + 2*y - 34 = 0, -n + 5*y + 7 + 16 = d. What is the units digit of n?
8
Suppose 0 = 3*d + 5*x - 162, 3*x = -d - 0*x + 54. Suppose 4*z + 2*z - d = 0. What is the units digit of z?
9
Suppose -2*t = 11*p - 8*p - 5466, 0 = -t - p + 2731. What is the thousands digit of t?
2
Let f be 61/4 - (-3)/(-12). What is the tens digit of (2 + 0 - 1) + 3*f?
4
Let d(t) = t**3 - 4*t**2 - 4*t - 1. Let v be -5 + -3 - (0 + -3). Let o = 10 + v. What is the units digit of d(o)?
4
Let t(n) = -n**2 - 11*n + 47. Let f be t(-14). Suppose 537 + 843 = f*j + 5*x, 587 = 2*j - 5*x. What is the units digit of j?
1
Suppose 30*r - 34*r - 8 = 0. What is the tens digit of -36*(r - 2/(-3))?
4
Let m(o) = -3*o + 95 + 2*o**2 - 97 + 8*o**2. Let j be m(-2). What is the tens digit of (j/(-2))/(7 + -8)?
2
Let v be 1 - 3 - (-252)/18. What is the units digit of (-44)/8*v/(-1)?
6
What is the hundreds digit of (-34 - -1916) + 16/2?
8
Suppose -8*l + 61 = 5. Suppose -l*h = -3*h - 436. What is the hundreds digit of h?
1
Suppose -14 = -5*g + 16. Let t be g/9*9/2. Suppose b - 76 = -t*b. What is the units digit of b?
9
Let r be 1*(-82)/(-2) - 0. Let o = 178 - r. Suppose 64 = -4*j - 4*c + 164, c = 5*j - o. What is the tens digit of j?
2
Let r(z) = 34*z**2. Let h be r(1). Suppose -3*a - h = 26. What is the units digit of (-278)/(-10) + (-4)/a?
8
Let z(d) = 6*d + 62. What is the tens digit of z(32)?
5
Suppose -33*t = -35*t - 18. Let r(p) = -11*p - 11. What is the tens digit of r(t)?
8
Let j = 2102 - 1435. What is the tens digit of j?
6
What is the thousands digit of (27/18)/((-5)/(-4070))?
1
Suppose -267 = 5*q - 0*t + t, 2*t = -2*q - 102. What is the tens digit of q*((-10)/(-3) + -4)?
3
Let h = -286 - -751. What is the hundreds digit of h?
4
Suppose 4*v + g = 289, 2*v - 2*g = -4*g + 152. Suppose -5*q - 203 = 4*r, -5*q - r = -4*r + 189. Let d = v + q. What is the tens digit of d?
3
Let c be -2 + 8/6*(-18)/4. Let p = 105 + c. What is the tens digit of p?
9
What is the units digit of 5 - (-1443 - (8 + -15))?
1
Suppose -16*k - 4*k = -4540. What is the hundreds digit of k?
2
Suppose k + 7 = j + 6, -2*k + 5*j = 17. What is the tens digit of (7 - k) + 121 + -1?
2
Let d be 0 - 0/(-1) - -1. What is the units digit of (1 + d)*1027/26?
9
Let s(i) = -i**2 + 52*i + 46. What is the units digit of s(25)?
1
Let x be 5/(5/(-2))*-23. Let c = 69 - x. What is the units digit of c?
3
Suppose 2*k - 23 - 1 = 0. What is the hundreds digit of ((-136)/(-6))/(2/k)?
1
Let s(f) = 3*f + 190. What is the hundreds digit of s(-7)?
1
Suppose -35 = -3*m + 25. Suppose -3*w = -2*i - m, w + 2*i = 7*i + 11. Suppose -c + w + 23 = 0. What is the units digit of c?
9
What is the units digit of (-46)/(-4) + (-90)/60?
0
Suppose -12 + 6 = -2*f. Suppose 2*j + y - 116 = 0, 5*j + y + f*y - 287 = 0. Suppose 0 = 5*s + 5*a - 41 - j, -3*s - 2*a = -61. What is the tens digit of s?
2
Let o be -2 + 5 - (-1 + 4 + -39). What is the tens digit of (o/2)/(51/136)?
5
Let k(g) = -g + 53. Let w(f) = 18. Let y(o) = 3*k(o) - 8*w(o). What is the units digit of y(-13)?
4
Suppose -24*r + 8965 = -2675. What is the hundreds digit of r?
4
Let m = 277 - 272. Let t(n) = n + 3*n + 11*n + 2. What is the tens digit of t(m)?
7
Let s(p) = 5*p**3 + 9*p**2 + 0*p**3 + 9 - 4*p**3. Let d(o) = -o**2 - 21*o - 9. Let w be d(-21). What is the units digit of s(w)?
9
Let f(u) = u**3 - 7*u**2 - 12*u + 3. Let b(t) = 2*t**3 - 14*t**2 - 23*t + 7. Let m(x) = -6*b(x) + 11*f(x). What is the tens digit of m(7)?
3
Let w(b) = -b**3 - 5*b**2 - b - 3. Let l be w(-5). Suppose l*y - 23 = -7. Suppose -60 = -y*k + 6*k. What is the tens digit of k?
3
Let z(i) = i**3 + 9*i**2 - 2*i - 15. Let n be -9 + 0/(-2 - -5). Let b be z(n). What is the tens digit of (8 - -12)/(b + -1)?
1
Suppose 0 = 5*v - 2*n + 205, 127 = -4*v + n - 34. Suppose 3*h - 9 = 3*t, 3*h + 5*t - 4*t - 1 = 0. What is the units digit of ((-3)/9)/(h/v)?
3
Let y = -228 + 3668. What is the tens digit of y?
4
Let u be -3 + 2/(4/38). Let y = u - 9. Suppose -y*k + 48 = -3*k. What is the units digit of k?
2
Let d be 36/21*21/(-6). What is the units digit of ((-1)/6*7)/(1/d)?
7
Let m(q) = 21 - 87*q + 102*q - 2*q**3 + 5*q**2 + 7*q**2 + 3*q**3. What is the units digit of m(-9)?
9
Let x = 215 - 86. Let w = x + -73. What is the tens digit of w?
5
Let p be 1 - (0 + (-58)/2). What is the units digit of (p/(-12))/((-3)/18)?
5
Suppose -8*p - p = -2520. What is the tens digit of p?
8
Let h(u) = -14*u**3 - u**2 + 1. Let f be h(-1). Let v(x) = -x + 22. Let r be v(f). What is the tens digit of 2/(-8) + 274/r?
3
Let n(l) = 2*l**3 + 3*l**2 - 6*l - 9. Let o be n(6). Suppose o = -k + 10*k. What is the units digit of k?
5
Suppose -2665 - 335 = -8*m. What is the tens digit of m?
7
Let l(r) = 4*r**2 + 10*r - 97. What is the hundreds digit of l(-15)?
6
Suppose 244738 - 50923 = 59*c. What is the units digit of c?
5
Suppose -3*g = -14*g + 4961. What is the tens digit of g?
5
Let g = 1112 - 919. What is the tens digit of g?
9
Suppose 702 = 6*a - 3*a. What is the hundreds digit of a?
2
Suppose 6*c - 10472 = -8*c. What is the tens digit of c?
4
Suppose 4*o = -o - 210. Let h = o - -51. What is the units digit of h?
9
Let o = 286 + -283. What is the units digit of o?
3
Suppose -5*b - 1491 = -3*j, 4*j + 0*b - 1988 = 4*b. What is the hundreds digit of j?
4
Suppose 0 = -2*q + 4*c - 2*c + 4, -3*q = -c - 14. Suppose -495 = -q*l + 231. What is the units digit of l?
1
Let k = 105 - 103. Suppose -3*c = -5*b - 11, -c - 3*c + 2*b + 10 = 0. Suppose k*v = -c*v + 48. What is the tens digit of v?
1
Let c = -515 + 904. What is the hundreds digit of c?
3
Let j be 7/(2 - (-3)/(-3)). Suppose 2*w + 136 = j*w + 3*o, 157 = 5*w - 4*o. Let q = w - 10. What is the tens digit of q?
1
Suppose -2*h = -s - 201 - 205, 0 = -3*h + 5*s + 616. What is the units digit of h?
2
Let a = 805 + -196. Let x = a + -328. What is the hundreds digit of x?
2
Let u = 552 - 486. What is the units digit of u?
6
Let z(y) = -25*y + 127. Let k be z(5). Let b = 9 + -16. Let n = k - b. What is the units digit of n?
9
Let r(q) = -q - 7. Let i(l) = -4*l - 20. Let k(y) = -2*i(y) + 7*r(y). Let b be k(6). What is the units digit of 8/(-6) - 22/b?
6
Let m(f) be the second derivative of -3*f - 2/3*f**3 - 3/2*f**